 s = -43 + 47. Suppose 5*j - 216 = -s*j. What is the highest common factor of 96 and j?
24
Let i(p) = -9*p. Let l be -2 - 0 - 2 - 2. Let m be 1/6 - (-31)/l. Let j be i(m). Calculate the greatest common factor of 30 and j.
15
Suppose 4*r - 180 = 4*d, -r - 4*d + 55 - 20 = 0. What is the greatest common divisor of r and 43?
43
Let z be ((-9)/4)/(8 + (-330)/40). What is the greatest common factor of 99 and z?
9
Suppose 4*a - w = -3*w + 130, -2*a + 4*w + 90 = 0. Let t be 234/10 + (-14)/a. What is the highest common factor of t and 115?
23
Let v be ((-2)/(-3))/(1/3). Suppose -3*c = v*c - 15. Suppose 0 = 2*s + x - 8, 5*x - 90 + 77 = -s. What is the greatest common factor of c and s?
3
Let n be (-8 + 17)*10/6 + 3. Suppose -10*p + 12 = -n. Calculate the greatest common divisor of p and 18.
3
Let r be 0 - -2 - (2 + -4). Let u(g) = 7*g**2 - 4*g**3 + g - 6 + g**3 + 2*g**3. Let a be u(7). Calculate the greatest common divisor of r and a.
1
Suppose -11 = 4*j - 795. Suppose 5*q = 4*v + 168, 891*q - 895*q = -v - 119. Calculate the highest common factor of q and j.
28
Let d be (-1)/1 - (-5 + 1). Suppose 0 = 2*b - 4*p - 64, 2*b + b + d*p = 60. Calculate the greatest common factor of 6 and b.
6
Let u be (-2)/8*(5 - 9). Suppose -6*a - 4 = -7*a. Suppose -3*q - q + a = 0. Calculate the highest common divisor of u and q.
1
Let c be -6*((-8)/4 + 1). Let w(g) = 3*g + 5*g + c*g**2 + g**3 + 5*g**2 - 4 + 8. Let x be w(-10). What is the greatest common factor of x and 36?
12
Let f be (6/(-4))/((-9)/(-48)). Let d be (-395)/(-25) + f/10. Let m(v) = 83*v - 1. Let u be m(2). Calculate the highest common factor of u and d.
15
Let u(p) = -p**3 - 2. Let b be u(-2). Suppose b*y - y = 0. Suppose -4*f + 29 + 55 = y. Calculate the highest common divisor of 3 and f.
3
Let s(l) = 11*l**3 + 15 - 6 - 3 - 7. Let y be s(1). What is the highest common divisor of 10 and y?
10
Let z(j) = -j**3 + 29*j**2 + 35*j - 70. Let b be z(30). What is the highest common divisor of b and 5?
5
Suppose -3*d - 118*i + 121*i = -513, 8 = 2*i. What is the highest common factor of 150 and d?
25
Let z(i) = 15*i**3 - 9*i**2 + 12*i - 3. Let m be z(1). Calculate the greatest common divisor of m and 705.
15
Let d be (-1 - 32) + 4 + -8. Let l(o) = 4*o**2 + 7*o - 2. Let i be l(-5). Let y = d + i. What is the highest common factor of 13 and y?
13
Let w(p) = p**3 - 6*p**2 - 12*p + 7. Let j be w(8). Suppose 81 = 4*c - j. What is the greatest common divisor of c and 12?
6
Let m = 57 + -57. Let h be m/(2 + -3 - -3) - -4. What is the highest common factor of 4 and h?
4
Let j be (-968)/(-99) - 2/(-9). What is the highest common factor of j and 790?
10
Suppose -395 + 1835 = 5*m. Let t = -176 + m. Suppose -7*o = -2*o - 70. What is the highest common factor of o and t?
14
Let a = 156 - 147. What is the greatest common factor of 423 and a?
9
Let r(i) = -i**2 + 9*i - 8. Let w be r(8). Suppose -4*l + 4*d = -152, -l + 42 = -w*d - 3*d. Let s = l - 26. Calculate the greatest common divisor of 30 and s.
10
Let j be (0 - 8/6)/((-3)/1404). What is the highest common factor of j and 78?
78
Let j(y) = -37*y - 15. Let c be j(-6). Calculate the greatest common divisor of c and 46.
23
Let h be 9/(-1) + (86 - -10). Calculate the greatest common factor of h and 4089.
87
Suppose -2*g - 3*m = -93, -3*g - 2*m + 6*m = -148. Suppose 60*i - 58*i = g. What is the greatest common factor of 3 and i?
3
Let d be (11 + 1793)*(0 - 2/(-4)). Calculate the greatest common factor of 22 and d.
22
Let p(t) = -t**2 - t. Let g be p(0). Suppose 0 = -g*h - 2*h + 54. Let z = 41 - 32. Calculate the greatest common divisor of z and h.
9
Suppose 2 = 3*a - 4*f + 1, -4*a = 5*f - 22. Suppose a*j - j = 242. Calculate the highest common factor of 11 and j.
11
Suppose -3*a - 5*m + 1066 = -1132, 3*a - 4*m = 2216. What is the greatest common divisor of 276 and a?
92
Suppose 0 = 3*b + 2*o - 76, 5*o + 5 - 39 = -b. Suppose 1 = d - 1. Suppose m = -z - z + 20, d*z + 4 = 5*m. What is the greatest common divisor of b and z?
8
Suppose 4*a = -2*h + 58, 3*h - 9*h - 5*a = -174. What is the greatest common divisor of h and 1073?
29
Let t(a) = a**3 + 6*a**2 + 17*a + 16. Let r be t(-7). Let f = -66 - r. What is the greatest common divisor of 43 and f?
43
Let y = -23 + -2. Let c = y + 29. What is the highest common divisor of c and 6?
2
Let x = -110 + 656. Suppose 0 = -9*r + x + 210. Calculate the highest common factor of r and 21.
21
Suppose -29 = 4*k - 181. Calculate the highest common factor of 38 and k.
38
Let u(t) = 134 + 0*t**2 + 53 - 35 - t**3 - t**2. Let f be u(0). What is the greatest common factor of f and 38?
38
Suppose 0 = -4*f - 4*z + 56, 3*z = -f + 1 + 11. Let x be (-4)/10 - ((-336)/f + 1). Calculate the highest common divisor of 21 and x.
21
Let l = -127 - -167. What is the greatest common divisor of 24 and l?
8
Suppose 0 = -2*i + 11 + 13. Let u be (-1)/(-2) - 78/12. Let z be 6*1/u*-3. What is the highest common divisor of i and z?
3
Let a = -5 - -11. Suppose -t + 35 = -11. Suppose -4*v + t = 10. Calculate the highest common factor of v and a.
3
Let u = -12 - -12. Suppose u = d + 31 - 85. Calculate the greatest common divisor of d and 6.
6
Let d = -51 - -85. Let x(j) = 4*j**2 + 2*j - 6. Let t be x(2). Let s = 65 - t. What is the greatest common factor of d and s?
17
Let z be (-8)/(-2) + 2 + -84 + -3. Let q = -55 - z. Let h be -39*((-1)/3 - 0). Calculate the greatest common factor of q and h.
13
Let y = 37 - 37. Suppose 5*u + 5 - 805 = y. What is the greatest common factor of u and 64?
32
Let x = -18 + 22. Suppose -x*a + 246 = -314. What is the greatest common divisor of 56 and a?
28
Suppose 4 = 3*p + 4*v - 4, -p + 8 = -4*v. Suppose f - 3 = b, 2*f + 2*b = 3*b + p. Calculate the greatest common factor of f and 11.
1
Suppose 3*k = -t + 484, -8*t + 6*t + 488 = 3*k. What is the highest common divisor of 128 and k?
32
Let h(u) = -u**3 - 6*u**2 + 9*u + 19. Let m be h(-7). What is the greatest common factor of 125 and m?
5
Let h(b) = -b**3 + 6*b**2 - 5*b + 54. Let m be h(6). Calculate the greatest common factor of 56 and m.
8
Let m = -1667 + 3427. What is the highest common divisor of m and 55?
55
Let l = 140 - 52. Suppose -12*n + 22*n = 38*n - 308. What is the highest common divisor of l and n?
11
Let o(q) = 7*q**3 - q**2 - 5*q + 12. Let k be o(2). What is the greatest common factor of k and 702?
54
Suppose -g + v = 3*v - 59, -v = -3*g + 163. Calculate the highest common factor of g and 440.
55
Let h = 542 - 498. What is the greatest common divisor of 22 and h?
22
Let k(j) = 12*j + 14. Let g be k(-11). Let h be g/(-1) - (-8 - -5). What is the greatest common divisor of 11 and h?
11
Let v be (-1)/((-6 + 2)/136). Calculate the greatest common factor of 221 and v.
17
Suppose -39*t + 3876 = -33*t. Calculate the greatest common divisor of 34 and t.
34
Suppose -3*n - 1955 = -5*h, -20*h + 1173 = -17*h - 4*n. What is the greatest common factor of h and 23?
23
Let d be 192 + -11 + -2 + 6. Calculate the highest common divisor of d and 37.
37
Let s(m) = -25*m - 17. Let g be s(-9). Let v = 35 - 9. What is the greatest common divisor of g and v?
26
Suppose 0 = -4*y + 24 - 16. Let v(j) = -1 + 7*j - 2 - j**2 + 6 + 0*j**y. Let f be v(7). Calculate the greatest common divisor of 15 and f.
3
Suppose -4*u + 25*u = 1197. What is the highest common factor of u and 608?
19
Suppose 0 = 4*j - m - 15, j - 5*m - 2 + 3 = 0. Let v = -14 - -15. Calculate the greatest common divisor of j and v.
1
Let f be (12/(-8) + 1)*0. Suppose f = 5*r - 2*q - 935, 5 = -0*q - q. What is the highest common divisor of 37 and r?
37
Suppose 7*r - 2*r = 225. Suppose -31*l + 27*l + 36 = 0. What is the greatest common factor of r and l?
9
Let g be (-7)/(-2) - (6 + 11/(-2)). Let i = 38 + -26. What is the greatest common divisor of g and i?
3
Let r(w) = -w**3 + 56*w**2 - 158*w - 15. Let n be r(53). Let g = 49 - -8. Calculate the highest common divisor of g and n.
19
Let s be 2*1 + (-40)/(-20). Suppose 2*j - 3*l - 7 - 78 = 0, s*j - 4*l = 160. Let c = 7 - 0. What is the highest common divisor of c and j?
7
Let v = 221 - -185. Calculate the highest common factor of 14 and v.
14
Let i be (-75)/4 - 9/(-12). Let y = i + 42. What is the highest common divisor of 32 and y?
8
Suppose -2*f + 0*f = -10, -3*f - 43 = -2*t. Let i be ((0 - 0) + -6